1*(-2)/(-8) - (-119968)/128 composite?
False
Suppose -4*p - r + 4 = -11, -3*p + 9 = 3*r. Is p/2 + 1 + (-12824)/(-14) composite?
False
Let b(n) = -n - 6. Let v be 18/(-8) + 9/36. Let m be b(v). Let q(a) = -4*a - 2. Is q(m) a composite number?
True
Let w = 2 - -3. Suppose -3*t = -5*t + 8, w*v - 2*t + 28 = 0. Is (-4)/v - -162 - 2 prime?
False
Let u = 46934 - 4623. Is u prime?
False
Suppose -18*j - 57816 = -279414. Is j composite?
True
Let y be 10/(-25) - (-24)/10. Let m = -1 - y. Let s(u) = -80*u + 7. Is s(m) a composite number?
True
Let s(a) be the first derivative of 3*a**4/4 + 2*a**3/3 - a**2/2 - 3*a - 7. Is s(3) a prime number?
False
Let w be (117/27)/(2/6). Let n = -19 + w. Let o = 20 + n. Is o a prime number?
False
Suppose 2*l = -b - l + 8501, -2*b + 17002 = 2*l. Is b a prime number?
True
Let r(c) = -10*c + 9. Let g be r(-17). Suppose -3*v - 201 = 3*f, -4*f + 110 + 126 = -3*v. Let b = g - v. Is b composite?
False
Suppose 4*v = 3*j - 27, 3*j = -3*v - 2*v - 27. Is ((-633)/v)/((-2)/4*-1) a composite number?
False
Let s(d) = 2*d**2 + 14*d + 17. Let f be -18 + 2 + (-3 - 0). Let q = 4 + f. Is s(q) a composite number?
False
Let z(y) = -3*y - 21. Let b be z(10). Let j = b + 82. Is j composite?
False
Let c(w) = w**3 - 6*w**2 - 11*w - 15. Is c(14) a prime number?
True
Suppose -r - 2*g + 3 + 11 = 0, -2*r = 5*g - 33. Suppose q - r*f - 354 = 1219, -f + 7949 = 5*q. Is q composite?
True
Let m(s) = -s**3 + 23*s**2 + 3*s - 29. Let l be m(23). Is -295*l/(-15) + (-3)/(-9) prime?
True
Suppose -3*w + 4*v = -12521, -10121 - 10738 = -5*w + 2*v. Is w prime?
False
Let q(u) = -286*u - 33. Let w(x) = 1144*x + 133. Let i(t) = -9*q(t) - 2*w(t). Is i(9) a composite number?
True
Suppose 0 = -21*x + 5064 + 146283. Is x composite?
False
Is (-1 - 12/(-8)) + (-5533)/(-2) prime?
True
Suppose -5*s + 169*k = 174*k - 20540, 3*k = 2*s - 8221. Is s a prime number?
False
Suppose -15 = -3*r - 6. Let n(y) = -y - 67*y**3 + 15 - 16 - r*y**2 + 2*y**2. Is n(-2) composite?
True
Let r = -11 - -7. Let u be ((-3043)/r)/((-1)/(-4)). Suppose 5*v - u = -5*d + 162, 641 = v + 3*d. Is v composite?
False
Let i = 28259 - 2572. Is i a prime number?
False
Suppose 248*r = 243*r + 307715. Is r a composite number?
False
Let o = 33 - 21. Suppose -5*s - 3143 = -o*s. Is s a composite number?
False
Suppose 27 = 2*r + 5*x + 3, 5*r - 3*x + 2 = 0. Suppose -r*b = -0*b - 5*a - 147, -2*b + 182 = 2*a. Suppose 3*l + v - b = 177, -l + 2*v = -76. Is l composite?
True
Let g(j) = 529*j**2 - 41*j + 463. Is g(9) prime?
True
Let d(g) = -g**2 + 215*g + 137. Is d(51) composite?
False
Suppose 7*q + 1265 = -5*l + 2*q, 0 = 4*q - 4. Let b = l + 625. Is b prime?
False
Let m = -120 - -126. Is (10167/m)/((-3)/(-6)) a prime number?
True
Let w = 9 + -6. Suppose c + 3*o - 268 = 0, 2*c + 250 = 3*c - w*o. Let l = -132 + c. Is l composite?
False
Let z(y) = 330*y**2 + 4*y + 37. Is z(-5) a prime number?
False
Let v = 209 - -973. Let t(f) = -10*f**2 + 2*f - 11. Let r be t(9). Let c = v + r. Is c composite?
False
Suppose -4*v + 5445 = -12063. Is v a prime number?
False
Let b(n) = -4*n - 8. Let d be b(-4). Suppose 6*j = 2*j + d. Suppose -133 + 3 = -j*t. Is t prime?
False
Suppose -3*m = 5*m - 616. Is m a composite number?
True
Suppose 19 = 5*o + 14. Let j(z) = 89*z**3 - z**2 + z. Is j(o) prime?
True
Suppose 6*f - 2*f = 12. Is f/(3068/764 + -4) composite?
False
Let h(z) = -2*z + 24. Let r be h(17). Let o(y) = -y - 6. Let k be o(r). Suppose -k*c = -c - 231. Is c a prime number?
False
Let s(x) = -x**2 + 10*x - 4. Let m be s(9). Suppose 2*y - 2*l + 20 = 4*y, 4*y - m*l = 31. Is 762/y + 3/9 a prime number?
False
Suppose 13*a - 78838 = 11*a. Is a a prime number?
True
Let y(g) = 81*g**2 - 18*g + 23. Let k be y(9). Suppose k = 3*a + 2231. Is a a prime number?
False
Suppose -2*h + 4*h - 4*p - 18 = 0, 0 = h - 5*p - 21. Let b(d) = 528*d - 7. Is b(h) a prime number?
True
Let p(m) = m**3 - 49*m**2 + 196*m - 51. Is p(55) a composite number?
False
Suppose 4*z + 17 - 73 = 0. Suppose 10*x + 81 + 29 = 0. Let k = z + x. Is k prime?
True
Let y be 1/(5804/1934 + -3). Suppose -6*q + 5*q + y = 0. Is q a prime number?
True
Let d = 11 - 8. Let a = 47 - 45. Suppose 240 = 4*i + a*m - 1238, 5*i - d*m = 1864. Is i a prime number?
False
Let k(m) = 3*m**2 - 13*m - 21. Let x(l) = -10*l**2 + 38*l + 64. Let r(q) = -11*k(q) - 4*x(q). Is r(-21) a prime number?
True
Suppose 2*u - 21 = u. Let k be 5390/u*6/4. Suppose -2*g = 3*g - k. Is g a prime number?
False
Let y(w) = 19*w + 99. Is y(38) prime?
True
Suppose 0 = -3*h - 3*l + 9339, 4*h - 2*l - 7528 = 4936. Suppose h = -4*r + 9*r. Is r composite?
True
Let d = -341 + -65. Let z = 1461 + d. Is z a prime number?
False
Suppose -4*b = -5*b. Let a(n) = -5*n**3 + 4*n**2 + 3*n - 31. Let k(f) = -9*f**3 + 7*f**2 + 5*f - 63. Let g(t) = 7*a(t) - 4*k(t). Is g(b) a composite number?
True
Let a = 37 + -34. Let q(w) = -w - 7. Let u be q(a). Is -2*(1255/u + -4) a prime number?
False
Let b = -22 + 31. Suppose -u = 2*u - b. Suppose 4*i - 5*c - 478 = 434, u*i + 2*c - 661 = 0. Is i prime?
True
Let w(l) = -l**2 + 4*l. Let c be w(3). Let j be (-15)/(-2) - c/6. Is 309 + (-7)/(j/2) composite?
False
Let m = 51 + -48. Suppose 0 = -2*y + 5*w, -3*y + 11 = -w - w. Suppose -3*b - 248 - 13 = -y*z, 0 = -4*z - m*b + 198. Is z composite?
True
Suppose 0 = 2*u, -3*p - 10 - 35 = u. Let j(r) = r**3 + 15*r**2 - 12*r - 10. Let v be j(-16). Let h = p - v. Is h a composite number?
False
Let q be 12535/10 + (0 - (-1)/2). Suppose -3*c = i - 406, -2*c - q = -3*i + c. Is i prime?
False
Suppose -z - u = -372, -z + u - 1852 = -6*z. Suppose -4*l - 158 - z = 0. Let x = l - -367. Is x composite?
True
Let z = -406 - -639. Suppose 18 = t - z. Is t a prime number?
True
Let q(w) = 72*w**2 - 2*w + 9. Let o be q(9). Suppose -9*l + o = -0*l. Is l prime?
True
Suppose 17 = 4*y + 5*t + 5, 3*y - 9 = 4*t. Suppose 1 = -y*g + 4*g. Is ((-12)/(-14))/(g/7) prime?
False
Let m(r) be the third derivative of -r**6/120 - r**5/15 - r**4/12 - r**3 - 13*r**2. Let x be m(-4). Suppose l = -j + 158, j - 4*j = -x*l + 311. Is l composite?
False
Suppose 9*y - 5772 = 16683. Is y a composite number?
True
Suppose -4*p = 12*p - 22352. Is p a composite number?
True
Let o = 3497 - 158. Is o/4 - (1 + 5/(-4)) a prime number?
False
Let f(j) = -32*j**3 + 7*j**2 + 9*j - 13. Is f(-5) prime?
False
Let c(u) = 2466*u**2 - 11*u - 15. Is c(-2) a composite number?
False
Suppose -22*z + 2585704 = 66*z. Is z a prime number?
True
Suppose 46 = -r + 35. Let w = 4 - 7. Is w - ((2 - 1) + r) prime?
True
Let y(m) = -1488*m - 13. Is y(-4) composite?
False
Let g = 3614 - 2473. Is g a prime number?
False
Let k(a) = -2*a**3 - 2*a**2 + 11. Is k(-6) a composite number?
True
Is (-1541)/(-3) - 24/(-72) prime?
False
Is ((-21408)/192)/(-1*(-1)/(-86)) a composite number?
True
Suppose 4*j - m = 3253, 4*j - 4*m + 0*m - 3268 = 0. Suppose 0 = -5*y + w - 3*w + 3945, -y = 5*w - j. Is y composite?
False
Suppose 0 = 10*p + 755 - 745. Suppose 4*t + 476 = t - 4*a, -4 = 2*a. Let g = p - t. Is g composite?
True
Let p = 18580 + -8313. Is p a composite number?
False
Let q(l) = 1105*l + 17. Is q(2) composite?
True
Let a(t) = -t + 8. Let r be a(4). Let f(p) = 8*p**3 + 6*p**2 - 7*p + 7. Is f(r) composite?
False
Suppose 4*w + v - 144 = 0, 4*v = w + 6*v - 43. Suppose 29*i + 11694 = w*i. Is i a composite number?
False
Suppose 0 = -4*y - 2*y - 18. Let u(s) = -298*s**3 - s**2 - 5*s + 5. Is u(y) composite?
True
Let y(r) = 34*r**3 - r**2 - r + 7. Let t = 40 - 37. Is y(t) a composite number?
True
Let p = 1727 - 119. Suppose -a + p = -635. Is a a prime number?
True
Let g(q) = -80*q - 32. Let w be g(3). Let b be 526 - (-1 + (3 - 1)). Let u = w + b. Is u prime?
False
Suppose 18*t = 15*t. Suppose t = -5*i - 5*v + 1626 + 10039, v = -4*i + 9332. Is i prime?
True
Let t be 0 + 26*(28/8 - 3). Suppose t*u - 9340 = 9*u. Is u a composite number?
True
Let p be (-10 - -6) + 5 + -1. Suppose p = 5*z + 3*t - 23, 0 = -0*z - 3*z + 5*t + 7. Let k(u) = 5*u + 6. Is k(z) a prime number?
False
Is (3/(-3))/((-4)/167468) prime?
False
Suppose 0 = -j - 4. Is (1/j)/(1/(-436)) prime?
True
Let a = -731 - -1452. Is a a composite number?
True
Let o(i) = 17*i**2 + 5*i - 1. Let l(m) = -m**3 - 9*m**2 + 9*m - 7. Let f be l(-10). Suppose 5*h + 4 = 4*q, 6*h - 2*h + 28 = -f*q. Is o(h) a prime number?
True
Let 